{"id":763,"date":"2020-05-31T21:47:27","date_gmt":"2020-05-31T19:47:27","guid":{"rendered":"https:\/\/www.wewasc.com\/?page_id=763"},"modified":"2020-05-31T22:02:27","modified_gmt":"2020-05-31T20:02:27","slug":"informationen","status":"publish","type":"page","link":"https:\/\/wewasc.com\/?page_id=763","title":{"rendered":"Informationen"},"content":{"rendered":"\n<p><strong>Trial Photography ASSEO:<\/strong>&nbsp;Bea Frei<\/p>\n\n\n\n<p><strong>Verkauf \/ Vendors:<\/strong><\/p>\n\n\n\n<p>Bea Frei: Halsb\u00e4nder und Leinen \/ Collars and Leashes (Paracord)<\/p>\n\n\n\n<p>Jenny Nielson: Halsb\u00e4nder und Leinen \/ &nbsp;Collars and Leashes&nbsp;(Leder)<\/p>\n\n\n\n<p>Andrea Pischel: &nbsp;Airbrush Art<\/p>\n\n\n\n<p>Pedro Masana \/ Andrea Grein: Hundeartikel \/ Dog Articles<\/p>\n\n\n\n<hr class=\"wp-block-separator\"\/>\n\n\n\n<ul><li>Aufruf<\/li><\/ul>\n\n\n\n<p><strong>ASSEO vom 17.-18. August 2019<\/strong><\/p>\n\n\n\n<p>Die erste Europ\u00e4ische Meisterschaft f\u00fcr Australian Shepherd steht vor der T\u00fcr.<\/p>\n\n\n\n<p>Um eine \u00dcbersicht zu gewinnen, wer sich m\u00f6glicherweise qualifiziert hat und wer eventuell nachrutschen k\u00f6nnte, w\u00fcrde WEWASC gerne eine Liste derjenigen erstellen, welche f\u00fcr die ASSEO in Fragen kommen. Alle, welche Finalspunkte (zwischen 01.06.18 und 31.05.19) gesammelt haben (ab einem Punkt!) und gerne teilnehmen w\u00fcrden, k\u00f6nnen sich&nbsp;<br><a href=\"mailto:sandrazilch@sbarlaussies.de\">bei Sandra Zilch &nbsp;per E-Mail melden<\/a>. Bitte schreibt folgende Angaben in die E-Mail:<\/p>\n\n\n\n<p>&#8211; &nbsp;&nbsp;&nbsp;&nbsp;&nbsp;&nbsp;&nbsp;&nbsp;&nbsp;Name des Hundes<br>&#8211; &nbsp;&nbsp;&nbsp;&nbsp;&nbsp;&nbsp;&nbsp;&nbsp;&nbsp;ASCA Nummer des Hundes<br>&#8211; &nbsp;&nbsp;&nbsp;&nbsp;&nbsp;&nbsp;&nbsp;&nbsp;&nbsp;Besitzer\/Handler des Hundes<br>&#8211; &nbsp;&nbsp;&nbsp;&nbsp;&nbsp;&nbsp;&nbsp;&nbsp;&nbsp;E-Mail Adresse<br>&#8211; &nbsp;&nbsp;&nbsp;&nbsp;&nbsp;&nbsp;&nbsp;&nbsp;&nbsp;Enten Punkte<br>&#8211; &nbsp;&nbsp;&nbsp;&nbsp;&nbsp;&nbsp;&nbsp;&nbsp;&nbsp;Schafe Punkte<br>&#8211; &nbsp;&nbsp;&nbsp;&nbsp;&nbsp;&nbsp;&nbsp;&nbsp;&nbsp;Rinder Punkte<br><br><strong>Achtung:<\/strong>&nbsp;dies gilt&nbsp;nicht&nbsp;als offizielle Anmeldung f\u00fcr die ASSEO.<\/p>\n\n\n\n<hr class=\"wp-block-separator\"\/>\n\n\n\n<ul><li>Wir m\u00fcssen aufgrund des knappen Budgets auf 80,00 \u20ac ASSEO Meldegeb\u00fchr erh\u00f6hen. Wir bitte dies zu beachten. Die Ausschreibung folgt in K\u00fcrze.<\/li><\/ul>\n\n\n\n<hr class=\"wp-block-separator\"\/>\n\n\n\n<ul><li>Aufgrund der Anzahl der zur Verf\u00fcgung stehenden Rinder, bitten wir Folgendes zu beachten:<\/li><\/ul>\n\n\n\n<p><strong>Sollten sich mehr als 10 Hunde f\u00fcr Rinder qualifizieren, werden aufgrund der Anzahl der verf\u00fcgbaren Rindergruppen (5), ein Teil, der Qualil\u00e4ufe an Rindern auf Freitag verlegt.<br><\/strong><strong>Das wird das ASSEO Kommittee nach Sichtung der Entries auslosen.<\/strong><strong>Das ASSEO Kommitee wird dann die Startreihenfolge festlegen.<\/strong><strong>Allen Teilnehmern wird diese Startliste zugeschickt.<\/strong><\/p>\n\n\n\n<hr class=\"wp-block-separator\"\/>\n\n\n\n<ul><li>Am 15. Januar 2019 wurden an folgende Clubs ASSEO Aufkleber verschickt. Bei Interesse wendet Euch Bitte an:<\/li><\/ul>\n\n\n\n<p><strong><br>Frankreich: Margarita Craig&nbsp;<a href=\"mailto:Margarita.Craig@orange.fr\">E-Mail<\/a><\/strong><br><strong>Italien: Matteo Campedelli&nbsp;<a href=\"mailto:matteo.campedelli@gmail.com\">E-Mail<\/a><\/strong><br><strong>Niederlande: Anneke De Jong&nbsp;<a href=\"mailto:jjranch@hetnet.nl\">E-Mail<\/a><\/strong><br><strong>Schweden: Veronica Hageus&nbsp;<a href=\"mailto:kassor@swedasc.se\">E-Mail<\/a><\/strong><br><strong>Finnland: Mira Laitila&nbsp;<a href=\"mailto:mira.laitila@gmail.com\">E-Mail<\/a><\/strong><br><strong>Deutschland, Schweiz, \u00d6sterreich: Sandra Zilch&nbsp;<a href=\"mailto:sandrazilch@sbarlaussies.de\">E-Mail<\/a><\/strong><\/p>\n\n\n\n<hr class=\"wp-block-separator\"\/>\n\n\n\n<ul><li>Da die Frage mehrfach gestellt wurde, welche Registrierung die Hunde haben m\u00fcssen um zugelassen zu werden,&nbsp;hier die Kl\u00e4rung: E, N, F, I.&nbsp;<\/li><\/ul>\n","protected":false},"excerpt":{"rendered":"<p>Trial Photography ASSEO:&nbsp;Bea Frei Verkauf \/ Vendors: Bea Frei: Halsb\u00e4nder und Leinen \/ Collars and Leashes (Paracord) Jenny Nielson: Halsb\u00e4nder und Leinen \/ &nbsp;Collars and Leashes&nbsp;(Leder) Andrea Pischel: &nbsp;Airbrush Art Pedro Masana \/ Andrea Grein: Hundeartikel \/ Dog Articles Aufruf ASSEO vom 17.-18. August 2019 Die erste Europ\u00e4ische Meisterschaft f\u00fcr Australian Shepherd steht vor der &hellip; <a href=\"https:\/\/wewasc.com\/?page_id=763\" class=\"more-link\"><span class=\"screen-reader-text\">Informationen<\/span> weiterlesen <span class=\"meta-nav\">&rarr;<\/span><\/a><\/p>\n","protected":false},"author":1,"featured_media":0,"parent":751,"menu_order":3,"comment_status":"closed","ping_status":"closed","template":"","meta":{"footnotes":""},"_links":{"self":[{"href":"https:\/\/wewasc.com\/index.php?rest_route=\/wp\/v2\/pages\/763"}],"collection":[{"href":"https:\/\/wewasc.com\/index.php?rest_route=\/wp\/v2\/pages"}],"about":[{"href":"https:\/\/wewasc.com\/index.php?rest_route=\/wp\/v2\/types\/page"}],"author":[{"embeddable":true,"href":"https:\/\/wewasc.com\/index.php?rest_route=\/wp\/v2\/users\/1"}],"replies":[{"embeddable":true,"href":"https:\/\/wewasc.com\/index.php?rest_route=%2Fwp%2Fv2%2Fcomments&post=763"}],"version-history":[{"count":4,"href":"https:\/\/wewasc.com\/index.php?rest_route=\/wp\/v2\/pages\/763\/revisions"}],"predecessor-version":[{"id":777,"href":"https:\/\/wewasc.com\/index.php?rest_route=\/wp\/v2\/pages\/763\/revisions\/777"}],"up":[{"embeddable":true,"href":"https:\/\/wewasc.com\/index.php?rest_route=\/wp\/v2\/pages\/751"}],"wp:attachment":[{"href":"https:\/\/wewasc.com\/index.php?rest_route=%2Fwp%2Fv2%2Fmedia&parent=763"}],"curies":[{"name":"wp","href":"https:\/\/api.w.org\/{rel}","templated":true}]}}