{"id":4485,"date":"2026-03-16T21:54:18","date_gmt":"2026-03-16T19:54:18","guid":{"rendered":"https:\/\/wewasc.com\/?page_id=4485"},"modified":"2026-03-16T21:54:18","modified_gmt":"2026-03-16T19:54:18","slug":"vereinsmeisterschaft","status":"publish","type":"page","link":"https:\/\/wewasc.com\/?page_id=4485","title":{"rendered":"Vereinsmeisterschaft"},"content":{"rendered":"\n<p><strong>WEWASC Stockdog Vereinsmeisterschaft<\/strong><strong><\/strong><\/p>\n\n\n\n<p>1. Die WEWASC Vereinsmeisterschaften finden in den Jahren ohne ASSEO (Australian Shepherd Stockdog European Open) statt und werden mit&nbsp;<strong>Schafen und Enten<\/strong>&nbsp;ausgetragen. Die erste Austragung ist f\u00fcr 2026 geplant.&nbsp;<\/p>\n\n\n\n<p>2. Die Vereinsmeisterschaft wird zusammen mit einem vom ASCA anerkannten&nbsp;<strong>Farm<\/strong>&#8211; und&nbsp;<strong>Arena Stockdog Trial&nbsp;<\/strong>veranstaltet.&nbsp;<\/p>\n\n\n\n<p>Die Kurse der Arena Trials werden aus den ASCA Arena Trial Kursen ausgew\u00e4hlt.<\/p>\n\n\n\n<p>3. Die Teilnahme an den vom ASCA anerkannten Trials z\u00e4hlt automatisch f\u00fcr die Vereinsmeisterschaft.&nbsp;<\/p>\n\n\n\n<p>F\u00fcr die Meisterschaft f\u00e4llt eine zus\u00e4tzliche Startgeb\u00fchr an&nbsp;<\/p>\n\n\n\n<p>(siehe Punkt 5).&nbsp;<\/p>\n\n\n\n<p>Es sind keine Qualifikationsvoraussetzungen erforderlich.<\/p>\n\n\n\n<p>Farmtrial- und Arenatrial-L\u00e4ufe werden f\u00fcr die Meisterschaft gewertet.&nbsp;<\/p>\n\n\n\n<p>4. Teilnahmeberechtigt sind ausschlie\u00dflich&nbsp;<strong>Mitglieder des WEWASC e.V.<\/strong>&nbsp;mit ASCA-registrierten Australian Shepherds oder Hunden anderer Rassen mit QT-Nummer.&nbsp;<\/p>\n\n\n\n<p>5. F\u00fcr die Teilnahme an der Vereinsmeisterschaft ist eine zus\u00e4tzliche&nbsp;<strong>Geb\u00fchr von 105 \u20ac<\/strong>&nbsp;zu entrichten. Dies entspricht 15 \u20ac pro Lauf, der insgesamt 7 L\u00e4ufe, die in die Wertung eingehen.&nbsp;<\/p>\n\n\n\n<p>6. Folgende L\u00e4ufe z\u00e4hlen f\u00fcr die Vereinsmeisterschaft:&nbsp;<\/p>\n\n\n\n<ul>\n<li><strong>5 Arena Trials<\/strong>\u00a0(drei Schaf- und zwei Enten-L\u00e4ufe oder zwei Schaf- und drei Enten-L\u00e4ufe)<\/li>\n\n\n\n<li><strong>2 Farmtrials<\/strong>\u00a0(einer mit Schafen, einer mit Enten, unterschiedliche Richter)<\/li>\n<\/ul>\n\n\n\n<p>=&nbsp;<strong>7 L\u00e4ufe<\/strong>. Es m\u00fcssen qualifizierte L\u00e4ufe sein, die Punkte werden addiert.&nbsp;<\/p>\n\n\n\n<p>7.&nbsp;<strong>Weitere Erl\u00e4uterung zur Anzahl der L\u00e4ufe<\/strong>.<\/p>\n\n\n\n<p>Arena Trial:&nbsp;<\/p>\n\n\n\n<p>F\u00fcr die Vereinsmeisterschaft m\u00fcssen mindestens 5 Arena Trial L\u00e4ufe qualifizierend absolviert werden. Falls im Verlauf des ASCA Trials an weiteren Arena Trial L\u00e4ufen teilgenommen wird (maximal 16 runs m\u00f6glich, da es 4 Arena Trial Tage sind), gehen die 5 besten L\u00e4ufe in die Wertung ein, insofern Punkt 6 und Punkt 8 erf\u00fcllt sind.<\/p>\n\n\n\n<p>Falls nur die Mindestzahl von 5 Arena Trial L\u00e4ufen gestartet wird und mindestens ein Lauf kein qualifizierendes Ergebnis erh\u00e4lt, f\u00fchrt dies zum Ausschluss der Vereinsmeister-Wertung.<\/p>\n\n\n\n<p>Farmtrial:<\/p>\n\n\n\n<p>F\u00fcr die Vereinsmeisterschaft m\u00fcssen mindestens 2 Farmtrials qualifizierend absolviert werden, unter beiden Richtern. Falls im Verlauf des ASCA Trials an weiteren Farmtrial L\u00e4ufen teilgenommen wird (maximal 8 runs m\u00f6glich, da 2 Farmtrialtage mit je Trial 1 und Trial 2 angeboten wird), gehen die 2 besten L\u00e4ufe in die Wertung ein, insofern Punkt 6 und Punkt 8 erf\u00fcllt sind.<\/p>\n\n\n\n<p>Falls nur die Mindestzahl von 2 Farmtrial L\u00e4ufen gestartet wird und mindestens ein Lauf kein qualifizierendes Ergebnis erh\u00e4lt, f\u00fchrt dies zum Ausschluss der Vereinsmeister-Wertung.<\/p>\n\n\n\n<p>8.&nbsp;Die Arena Trial L\u00e4ufe und auch die Farmtrial L\u00e4ufe m\u00fcssen von zwei verschiedenen Richtern bewertet werden. Bei den Arena Trials m\u00fcssen mindestens 2 L\u00e4ufe von einem Richter bewertet werden.&nbsp;<\/p>\n\n\n\n<p>Die L\u00e4ufe m\u00fcssen mit zwei verschiedenen Tierarten, Enten und Schafe, absolviert werden.<\/p>\n\n\n\n<p>9. Alle gewerteten, qualifizierenden L\u00e4ufe werden addiert. Bei Punktgleichheit, wird wie folgt gewertet:&nbsp;<\/p>\n\n\n\n<ol>\n<li>Die h\u00f6here Punktzahl aus den 5 Arenatrial L\u00e4ufen zum ersten Hindernis hin.<\/li>\n\n\n\n<li>Die h\u00f6here Punktzahl aus den 5 Arenatrial L\u00e4ufen zum 2. Hindernis hin.\u00a0<\/li>\n<\/ol>\n\n\n\n<p>10.&nbsp;<strong>Meisterschaftstitel<\/strong><\/p>\n\n\n\n<ul>\n<li>WEWASC Vereinsmeister Started\u00a0<\/li>\n\n\n\n<li>WEWASC Vereinsmeister Open\u00a0<\/li>\n\n\n\n<li>WEWASC Vereinsmeister Non WTCH\u00a0<\/li>\n\n\n\n<li>WEWASC Vereinsmeister WTCH\u00a0<\/li>\n\n\n\n<li>WEWASC Vereinsmeister Other Breed Started\u00a0<\/li>\n\n\n\n<li>WEWASC Vereinsmeister Other Breed\u00a0<\/li>\n<\/ul>\n\n\n\n<p>11.&nbsp;<strong>Teilnahmeberechtigung je Meisterschaftstitel<\/strong><strong><\/strong><\/p>\n\n\n\n<ul>\n<li><strong>WEWASC Vereinsmeister Started:<\/strong>\u00a0Nur Hunde, die ausschlie\u00dflich an Started Arena Trials mit Schafen und Enten teilnehmen, k\u00f6nnen in dieser Kategorie starten. Farmtrials werden in der Klasse absolviert, in der sich der Teilnehmer aktuell im ASCA Programm befindet<\/li>\n\n\n\n<li><strong>WEWASC Vereinsmeister Open:<\/strong>\u00a0Nur Hunde, die ausschlie\u00dflich an Open Arena Trials mit Schafen und Enten teilnehmen, k\u00f6nnen in dieser Kategorie starten. Farmtrials werden in der Klasse absolviert, in der sich der Teilnehmer aktuell im ASCA Programm befindet.<\/li>\n\n\n\n<li><strong>WEWASC Vereinsmeister Non WTCH:<\/strong>\u00a0Nur Hunde, die noch nicht den WTCH Titel erhalten haben und an Arena Trials mit Schafen und\/oder Enten teilnehmen, k\u00f6nnen in dieser Kategorie starten. Das hei\u00dft der Hund kann sich f\u00fcr Schafe und Enten in unterschiedlichen Klassen befinden (Advanced, Open und\/oder Started). Farmtrials werden in der Klasse absolviert, in der sich der Teilnehmer aktuell im ASCA Programm befindet.\u00a0<\/li>\n<\/ul>\n\n\n\n<p><strong>Anmerkung:<\/strong>&nbsp;Da es insgesamt 4 Arena Trial Tage gibt, besteht ja immer die M\u00f6glichkeit aus der started in die open Klasse aufzusteigen, um einen etwaigen Nachteil auszugleichen bei der Non WTCH Wertung!<\/p>\n\n\n\n<ul>\n<li><strong>WEWASC Vereinsmeister WTCH:<\/strong>\u00a0Nur Hunde, die bereits den WTCH Titel erhalten haben (bei Start des Trials am 7. Juli) k\u00f6nnen in dieser Kategorie starten. Farmtrials werden in der Klasse absolviert, in der sich der Teilnehmer aktuell im ASCA Programm befindet.<\/li>\n\n\n\n<li><strong>WEWASC Vereinsmeister Other Breed Started:<\/strong>\u00a0Nur Hunde, die ausschlie\u00dflich an Started Arena Trials mit Schafen und Enten teilnehmen, k\u00f6nnen in dieser Kategorie starten. Farmtrials werden in der Klasse absolviert, in der sich der Teilnehmer aktuell im ASCA Programm befindet.<\/li>\n\n\n\n<li><strong>WEWASC Vereinsmeister Other Breed:<\/strong>\u00a0Hunde, die in unterschiedlichen Klassen starten, WTCH oder NON-WTCH (siehe Erkl\u00e4rung Non WTCH oben), k\u00f6nnen in dieser Kategorie starten. Farmtrials werden in der Klasse absolviert, in der sich der Teilnehmer aktuell im ASCA Programm befindet.<\/li>\n<\/ul>\n\n\n\n<p>12.<strong>&nbsp;Preise<\/strong><strong><\/strong><\/p>\n\n\n\n<p>Ribbons &amp; Plaketten auf Holz f\u00fcr 1. und 2. Platz<\/p>\n\n\n\n<p>Ribbons f\u00fcr 3. &amp; 4. Platz<\/p>\n","protected":false},"excerpt":{"rendered":"<p>WEWASC Stockdog Vereinsmeisterschaft 1. Die WEWASC Vereinsmeisterschaften finden in den Jahren ohne ASSEO (Australian Shepherd Stockdog European Open) statt und werden mit&nbsp;Schafen und Enten&nbsp;ausgetragen. Die erste Austragung ist f\u00fcr 2026 geplant.&nbsp; 2. Die Vereinsmeisterschaft wird zusammen mit einem vom ASCA anerkannten&nbsp;Farm&#8211; und&nbsp;Arena Stockdog Trial&nbsp;veranstaltet.&nbsp; Die Kurse der Arena Trials werden aus den ASCA Arena Trial &hellip; <a href=\"https:\/\/wewasc.com\/?page_id=4485\" class=\"more-link\"><span class=\"screen-reader-text\">Vereinsmeisterschaft<\/span> weiterlesen <span class=\"meta-nav\">&rarr;<\/span><\/a><\/p>\n","protected":false},"author":5,"featured_media":0,"parent":0,"menu_order":0,"comment_status":"closed","ping_status":"closed","template":"","meta":{"footnotes":""},"_links":{"self":[{"href":"https:\/\/wewasc.com\/index.php?rest_route=\/wp\/v2\/pages\/4485"}],"collection":[{"href":"https:\/\/wewasc.com\/index.php?rest_route=\/wp\/v2\/pages"}],"about":[{"href":"https:\/\/wewasc.com\/index.php?rest_route=\/wp\/v2\/types\/page"}],"author":[{"embeddable":true,"href":"https:\/\/wewasc.com\/index.php?rest_route=\/wp\/v2\/users\/5"}],"replies":[{"embeddable":true,"href":"https:\/\/wewasc.com\/index.php?rest_route=%2Fwp%2Fv2%2Fcomments&post=4485"}],"version-history":[{"count":1,"href":"https:\/\/wewasc.com\/index.php?rest_route=\/wp\/v2\/pages\/4485\/revisions"}],"predecessor-version":[{"id":4486,"href":"https:\/\/wewasc.com\/index.php?rest_route=\/wp\/v2\/pages\/4485\/revisions\/4486"}],"wp:attachment":[{"href":"https:\/\/wewasc.com\/index.php?rest_route=%2Fwp%2Fv2%2Fmedia&parent=4485"}],"curies":[{"name":"wp","href":"https:\/\/api.w.org\/{rel}","templated":true}]}}