{"id":279,"date":"2020-05-19T17:57:35","date_gmt":"2020-05-19T15:57:35","guid":{"rendered":"https:\/\/www.wewasc.com\/?page_id=279"},"modified":"2023-07-28T15:34:02","modified_gmt":"2023-07-28T13:34:02","slug":"obedience","status":"publish","type":"page","link":"https:\/\/wewasc.com\/?page_id=279","title":{"rendered":"Obedience &#8211; Ergebnisse"},"content":{"rendered":"\n<figure class=\"wp-block-table alignwide is-style-stripes\"><table class=\"has-background has-fixed-layout\" style=\"background-color:#fcf0ef\"><tbody><tr><td><strong>ASCA Obedience Trials 2023<\/strong><\/td><td><\/td><\/tr><tr><td>14.07.2023<\/td><td><a href=\"https:\/\/wewasc.com\/wp-d1b8d-content\/uploads\/2023\/07\/41290.pdf\">Obedience Trial bei HSV Weilheim u.U. e.V., Deutschland<\/a><\/td><\/tr><tr><td>13.07.2023 PM<\/td><td><a href=\"https:\/\/wewasc.com\/wp-d1b8d-content\/uploads\/2023\/07\/41289.pdf\">Obedience Trial bei HSV Weilheim u.U. e.V., Deutschland<\/a><\/td><\/tr><tr><td>13.07.2023 AM<\/td><td><a href=\"https:\/\/wewasc.com\/wp-d1b8d-content\/uploads\/2023\/07\/41288.pdf\">Obedience Trial bei HSV Weilheim u.U. e.V., Deutschland<\/a><\/td><\/tr><tr><td><strong>ASCA Obedience Trials 2021<\/strong><\/td><td><\/td><\/tr><tr><td>26.08.2021<\/td><td><a href=\"https:\/\/wewasc.com\/wp-d1b8d-content\/uploads\/2021\/09\/OBIRapport_37219.pdf\">Obedience Trials in B\u00f6heimkirchen &#8211; N\u00d6, \u00d6sterreich<\/a><\/td><\/tr><tr><td>25.08.2021<\/td><td><a href=\"https:\/\/wewasc.com\/wp-d1b8d-content\/uploads\/2021\/09\/OBIRapport_37218.pdf\">Obedience Trials in B\u00f6heimkirchen &#8211; N\u00d6, \u00d6sterreich<\/a><\/td><\/tr><tr><td><strong>ASCA Obedience Trials 2020<\/strong><\/td><td><\/td><\/tr><tr><td>27.08.2020<\/td><td><a href=\"https:\/\/wewasc.com\/wp-d1b8d-content\/uploads\/2020\/11\/20200827_Einzelergebnisse.pdf\">Obedience Trial bei HSV Weilheim u.U. e.V., Deutschland<\/a><\/td><\/tr><tr><td><\/td><td><\/td><\/tr><\/tbody><\/table><\/figure>\n","protected":false},"excerpt":{"rendered":"<p>ASCA Obedience Trials 2023 14.07.2023 Obedience Trial bei HSV Weilheim u.U. e.V., Deutschland 13.07.2023 PM Obedience Trial bei HSV Weilheim u.U. e.V., Deutschland 13.07.2023 AM Obedience Trial bei HSV Weilheim u.U. e.V., Deutschland ASCA Obedience Trials 2021 26.08.2021 Obedience Trials in B\u00f6heimkirchen &#8211; N\u00d6, \u00d6sterreich 25.08.2021 Obedience Trials in B\u00f6heimkirchen &#8211; N\u00d6, \u00d6sterreich ASCA Obedience &hellip; <a href=\"https:\/\/wewasc.com\/?page_id=279\" class=\"more-link\"><span class=\"screen-reader-text\">Obedience &#8211; Ergebnisse<\/span> weiterlesen <span class=\"meta-nav\">&rarr;<\/span><\/a><\/p>\n","protected":false},"author":1,"featured_media":0,"parent":254,"menu_order":4,"comment_status":"closed","ping_status":"closed","template":"","meta":{"footnotes":""},"_links":{"self":[{"href":"https:\/\/wewasc.com\/index.php?rest_route=\/wp\/v2\/pages\/279"}],"collection":[{"href":"https:\/\/wewasc.com\/index.php?rest_route=\/wp\/v2\/pages"}],"about":[{"href":"https:\/\/wewasc.com\/index.php?rest_route=\/wp\/v2\/types\/page"}],"author":[{"embeddable":true,"href":"https:\/\/wewasc.com\/index.php?rest_route=\/wp\/v2\/users\/1"}],"replies":[{"embeddable":true,"href":"https:\/\/wewasc.com\/index.php?rest_route=%2Fwp%2Fv2%2Fcomments&post=279"}],"version-history":[{"count":13,"href":"https:\/\/wewasc.com\/index.php?rest_route=\/wp\/v2\/pages\/279\/revisions"}],"predecessor-version":[{"id":3707,"href":"https:\/\/wewasc.com\/index.php?rest_route=\/wp\/v2\/pages\/279\/revisions\/3707"}],"up":[{"embeddable":true,"href":"https:\/\/wewasc.com\/index.php?rest_route=\/wp\/v2\/pages\/254"}],"wp:attachment":[{"href":"https:\/\/wewasc.com\/index.php?rest_route=%2Fwp%2Fv2%2Fmedia&parent=279"}],"curies":[{"name":"wp","href":"https:\/\/api.w.org\/{rel}","templated":true}]}}